Calculate 3 - 0 - (-6 + 12) - (6 + -1).
-8
What is 6 - 2 - 1 - 12 - -13?
4
(6 - (-3 + 11) - 8) + (-4 - 25)
-39
Evaluate 5 - 15 - -15 - -9.
14
What is -1 + 0 - (3 + -7)?
3
Calculate -14 - (-13 - (12 - 32 - -4)).
-17
Evaluate -12 + 49 + -10 + (-10 - 4).
13
-8 - (-23 - (9 - 24))
0
5 - (16 - (0 + 16))
5
What is 0 - 10 - (12 - (-6 + 57 - 16))?
13
Calculate 1 + -1 + -32 + (-2 - 5 - -21).
-18
Evaluate 5 - (2 - -15 - 7).
-5
Calculate -5 - (-7 + (-9 - -13) + (-2 - 3)).
3
-1 + 9 + -11 - -10
7
What is the value of (6 - (-27 + 30)) + -10 + 0?
-7
Evaluate 7 + (7 - (-2 - -13)) + -10.
-7
What is -8 + -12 + -3 + (-2 - 2) + 5?
-22
-4 - (-6 - (-9 + 0))
-7
Evaluate (10 - ((5 - 0) + -5)) + -4.
6
What is 1 + 29 + -14 + -18?
-2
Calculate 9 + (18 - 46) + 11.
-8
14 + -11 + -6 - 11
-14
10 + -4 + 1 + 3
10
Calculate -7 + -7 + (-11 - -21) + -6 + -23.
-33
Evaluate -1206 + 1190 + (1 - 10).
-25
Evaluate (5 - (6 - (-4 + 2))) + 0 - 8.
-11
What is the value of (13 - 35) + 20 - (-17 + 1)?
14
What is -10 - 0 - (-20 + 0 + -21)?
31
Evaluate (8 - (4 - 5)) + (-6 - 13).
-10
What is 220 + -214 - (2 - 1)?
5
2 + -4 + 1 + 13 + -23 + 4
-7
Calculate -38 - -89 - 41 - 14.
-4
10 - (7 + 27 + -6)
-18
What is the value of (-3 + 12 - (17 - 6)) + 14?
12
What is 0 - (3 + (12 - 1) + -89 + 80)?
-5
11 + (-2 - -1) + (16 - (17 - 1))
10
Calculate -4 + (4 + 4 - 14) + 2.
-8
What is the value of (148 - 148) + 1 + -13?
-12
-11 + (20 - 5) - 12
-8
-2 + (20 - 12 - -5) + 3
14
What is -8 - (-37 - -23) - 13?
-7
Calculate 8 + -14 - (3 - (16 - 12)).
-5
0 + -1 + (29 - 32) - 7
-11
Evaluate -18 - (-31 - (-15 + 18)).
16
Calculate 14 + -10 + -8 - (3 + 4 + -6).
-5
What is -48 + 46 - (12 - -2 - (2 - 0))?
-14
Calculate -16 + (-21 + 7 - -40).
10
Calculate -16 + 10 - (-3 + -1) - (-6 + 8).
-4
Evaluate (8 - -1) + (-493 - -482).
-2
10 + (5 - 15 - (-4 - -12))
-8
27 + -3 + (3 - -10 - 15)
22
Evaluate -47 + 48 - (2 - -1).
-2
23 + -2 - (15 - 6) - (-1 - 2)
15
What is the value of (75 - 59) + (-7 - -3)?
12
What is the value of 4 - (-4 + 11 + (5 - -2))?
-10
Evaluate -1 + -7 - (160 - 173).
5
What is the value of 9 + -2 + 0 + -14 + (-10 - -17)?
0
Evaluate (-41 - -23 - 2) + 10.
-10
Calculate (4 - 1) + (-18 + 35 + -5 - -1).
16
What is the value of -3 - (-11 - 2 - (-3 + -1)) - -2?
8
22 - ((-12 - -1 - (4 + -1)) + 4)
32
What is 10 + (-10 - -13 - 5) - 11 - -33?
30
What is (-6 - 18 - -19) + -17?
-22
8 - (-13 - 0 - -25)
-4
69 - 60 - (2 - -1)
6
What is the value of -23 + 40 + -15 + 0?
2
What is 4 + 1 - (-22 + (-8 - -31))?
4
Evaluate (3 - -4 - 3) + (15 - -17) + -24.
12
-10 + 12 + -22 + 8 + -7
-19
What is 6 + -1 + -360 + 362?
7
What is 83 + -95 + (11 - 0)?
-1
What is (3 - 5) + 27 + (3 - 8)?
20
What is the value of -3 + (-4 + (-8 - -3) - -12)?
0
Calculate 25 - (13 - (-13 - (-17 - 1))).
17
-2 + ((3 - 3) + 2 - 3) + -6
-9
What is the value of -1 + -7 + (-29 - -29) + (-2 - -1)?
-9
What is the value of -4 - 2 - (20 - (33 + -23))?
-16
What is the value of -2 + 3 + -8 + 12 + 8 + -3?
10
Evaluate 16 - 20 - -6 - (-5 - -3).
4
2 + -12 + 18 - 17
-9
Calculate (-8 + 35 - 34) + -24.
-31
Evaluate -26 - (6 + -8 + 2 + 2 + -3).
-25
What is the value of 28 + -6 + -13 + (5 - -12)?
26
10 + -19 + -7 + 0
-16
Calculate -10 + 1 + -2 - -20.
9
What is -34 + -41 + 50 + (1 - 2 - -7)?
-19
198 - 197 - (1 - -4 - 1)
-3
What is -10 + 24 + 6 + -7?
13
What is (-4 + -1 + 7 - 15) + 10?
-3
(-7 - -6 - -9 - 10) + -19 - 0
-21
2 + -2 + -11 + 25
14
What is 0 + 21 - (7 - 48 - -47)?
15
Calculate -10 + (-11 - -6 - -16) - -8.
9
Calculate (-5 - 5 - (-6 + 2)) + -30 + 26.
-10
Calculate 0 + 15 - (9 - (3 + -1)).
8
Calculate 21 + -19 + 4 - -6.
12
0 - ((3 - -2) + -2 + -3 + -2)
2
Evaluate -420 + 414 + (16 - 1) - 14.
-5
What is 1 + 13 + -123 + 118?
9
What is -1 + -12 + (-13 - -29 - 8)?
-5
37 + -15 + (-42 - -32)
12
Evaluate 8 + (-11 + 5 + (-1 - 7) - -1).
-5
Calculate (75 - 66 - (0 + 4)) + 3.
8
What is -5 - (2 - -1) - (-3 + 15 + -9)?
-11
Calculate 6 + -1 + -58 + 35 + (4 - -1).
-13
Evaluate 2 + -1 + -1 + (-14 - -1) + 10.
-3
Calculate (-12 - -8) + 3 + 0 + -15 + -1.
-17
Evaluate (5 + -6 - (-17 - -3 - 3)) + -3.
13
6 + (-8 - 14) + 10
-6
Calculate 1 - -14 - (-2 - 7 - (-7 - 10)).
7
Evaluate -8 - (-8 - (3 + -4)) - (-4 + 0).
3
What is the value of -21 + (-13 + 8 - -26)?
0
Calculate -31 - (21 + -42) - -28.
18
What is the value of -2 + 5 + -3 - (-36 - -35) - 7?
-6
Evaluate 8 + -15 + 15 + -34.
-26
(20 - -2) + -16 - (4 - -2) - -15
15
13 - 9 - (6 + -1 + -3)
2
What is the value of -24 + 2 + 39 + -34 + 5?
-12
Calculate 4 - 0 - (-27 + -27 + 43).
15
What is -5 - ((2 - -9) + -18 + (-37 - -26))?
13
What is 4 + (-1 + 4 - ((-3 - 11) + 21))?
0
0 + (-2 - 1) - 31 - (943 + -945)
-32
Evaluate (-2 - 3 - (0 + 3)) + 5 + 1.
-2
Evaluate 0 + 0 + 1 - (-310 - -299).
12
Evaluate 0 + -4 + -2 + 3 + 0 + -2.
-5
Calculate 6 + (11 + -5 - (1 + 2 + 0)).
9
(-3 - 0) + 20 + -17 - (-2 + 3)
-1
Calculate (-15 - -6 - -12) + (3 + -5 - -4).
5
-7 + (36 - 28 - (-17 + 1))
17
What is (22 - 7) + -15 - (7 + 5)?
-12
What is -10 - ((3 - 3) + (-9 - -15) + -3)?
-13
What is the value of 2 - -16 - (25 + -5)?
-2
What is the value of (-32 - 0) + -253 + 254?
-31
What is the value of -68 + 34 + (43 - 9)?
0
Evaluate -52 + 36 + -17 - -28.
-5
What is the value of 22 - (-33 + 47) - -4?
12
What is the value of 31 + 0 + 5 + -26?
10
-4 - (6 - 10 - -2) - 9
-11
Evaluate 6 - -1 - (-15 + (52 - 30)).
0
What is the value of 61 + -21 + -38 - 37?
-35
-8 - (-5 + (-8 + 6 - 6)) - -1
6
What is the value of 0 + 1 + (-16 + 34 - (-4 - -18))?
5
Evaluate -25 + -1 + 20 + -4 + 0.
-10
-9 + -10 + 29 + -10 + -12
-12
What is 10 - (-31 - -24 - (-6 - -1))?
12
(3 + -2 + -7 - (-216 - -213)) + 8
5
Evaluate (10 - -2) + (-3 - (-7 - -9)).
7
What is -8 + (13 - (10 - 5)) + -13?
-13
Evaluate 14 - (8 + -20 - -19).
7
Evaluate 1 + -1 + (-13 - -10) + (0 - 6).
-9
Evaluate 5 + 3 + (-2 - (2 - 0)).
4
What is the value of 1 + (-3 - (-18 - -6)) - (-1 - 1)?
12
Calculate (1 + -12 - -17) + 4 + -4.
6
Calculate -14 - (3 + -14 + -1 + (8 - 4)).
-6
Calculate -28 - (-14 + -24 - -23).
-13
Evaluate 5 - (12 + -17 + 2).
8
What is 63 + -21 + -24 + -8 + 4 + -1?
13
What is the value of (1 - -10) + 678 + -684?
5
Calculate (4 + -8 - -3) + -8 + 25 + 3.
19
Calculate (3 - 13) + (0 - -7) + -4 + 3.
-4
-82 - -88 - (0 - -10 - 0)
-4
What is 4 - (2 + -3 + 2 + 4 - 5)?
4
Evaluate (914 - 926 - (2 - 0)) + -3 + 1.
-16
Calculate -4 + 11 + 10 + -1 + -12.
4
Calculate 7 + -3 + 9 + (21 - 21).
13
(-1 - -27) + (3 - -4) + (7 - 9)
31
Evaluate -19 - -73 - 30 - 39.
-15
Calculate -22 - (23 + (7 - 34)).
-18
What is the value of -25 + (6 + 20 + -6 - 10)?
-15
What is -1 - -2 - (11 - -31) - -15?
-26
-12 - (-27 + 1) - (-1 + -1)
16
Evaluate 274 + -303 - ((0 - -5) + (-14 - -12)).
-32
18 + -10 + -11 + -7 - -10
0
What is the value of 1 - (8 - (15 + -6 - 10))?
-8
What is the value of 4 - (11 + -8 + -3) - 17?
-13
29 - (-27 + (-36 - -64))
28
What is the value of (11 + 7 - 13) + (-5 - (3 + -1))?
-2
What is the value of 6 + -4 + -12 + (1 - -9) + -36?
-36
Evaluate -4 + 3 + -7 - (0 + 1 - -5).
-14
What is the value of 6 + 3 + (-4 - 0)?
5
Calculate 3 + (655 - 663) + 9 + 0 + -1.
3
Calculate 4 + (15 - (-4 - -15)).
8
What is the value of 1 + 20 - ((51 - 77) + 27)?
20
What is 1 + 23 - ((16 - 4) + -19 + 10)?
21
What is 4 + 3 + 8 + -4 + 8 + -3?
16
What is -1 - ((-8 - -16) + 3)?
-12
What is the value of (-1 - -2) + 10 + (35 - 46)?
0
Evaluate 4 + 8 + -6 + 5 + -3.
8
Calculate -123 + 135 + (-3 - -6).
15
What is the value of -4 + -12 - ((-13 - -32) + -6)?
-29
-1 + 36 + (-11 - (-10 - (-2 + -7)))
25
What is (-49 + 159 - 88) + (-2 - -1 - 2)?
19
What is -4 + 1 + -27 + (-15 + 0 - -21)?
-24
Evaluate 12 + (1 - 0) + 7 + -10.
10
-26 + 26 + (47 - 31)
16
(-15 + 12 - -22) + -8
11
What is the value of 14 - (20 - (19 + -32))?
-19
What is the value of 2 - (1 + (5 - 0)) - (12 + -31)?
15
Evaluate -11 - (-11 + (24 - 7)).
-17
Calculate 1 + -2 - 25 - (580 - 584).
-22
Calculate 2 + 2 + 6 + -16 + 8.
2
What is the value of -10 + (2 - 22 - -59)?
29
Evaluate -3 + -5 - (2 - (-5 - -18)).
3
What is (-5 - 10) + (-34 - -36)?
-13
What is 20 + (14 - 40) + 0 + (11 - 0)?
5
11 - (6 + -17 + 4 + 12)
6
What is (-91 - (-119 + 58)) + 10 + 0?
-20
Evaluate (-2 + 8 + -18 - -7) + -5 + -10.
-20
Evaluate (-6 - -3) + -14 + -7.
-24
What is the value of 639 - 607 - (0 - 1 - (2 - 2))?
33
(-29 + -32 - -15) + 51
5
What is the value of -5 + (-22 